) = -2*q(r) + 7*z(r). List the prime factors of p(40).
229
Suppose 775 = 2*k - 433. Suppose 2*l + 4*t = k, 2*l + t - 595 = -0*t. Suppose 6*b + l = 10*b. What are the prime factors of b?
2, 37
Let j(b) = -b**3 - b**2 + 76. Suppose -4*p + 3 - 19 = 2*v, -v + 5*p + 20 = 0. Let n be v/(-2 - 2 - -3). What are the prime factors of j(n)?
2, 19
Suppose -7*x + 5*x + 116 = -2*v, 266 = 5*x + v. Let c = -43 + x. What are the prime factors of 2/18 - (43582/(-63))/c?
3, 7
Let u = 2988 - 1303. Suppose 14*o - u = 9*o. List the prime factors of o.
337
Let k(x) = x**3 + 5*x**2 + 2*x + 13. Let q be k(-4). Let s be (-1878)/(-16) + q/(-56). Let m = -3 + s. List the prime factors of m.
2, 3, 19
List the prime factors of ((-1167696)/51 + -52)/((-4)/14).
2, 7, 5737
Suppose -3*a - 8*n - 1356 + 11031 = -9*n, 3*n = 0. List the prime factors of a.
3, 5, 43
Let p = 1047 + -1820. List the prime factors of 2 - -2 - (p - -5).
2, 193
Let q(n) = -n**2 - n + 1. Let i(t) = 159*t**2 - t. Let m(s) = i(s) - 2*q(s). Let l be m(1). Suppose 5*y - 5*v = l, 6*v - v = 0. What are the prime factors of y?
2
Let t be 3/(-4) + (-3166)/48*-6. Suppose 399*v = t*v + 3104. What are the prime factors of v?
2, 97
Let h = 26178 - 8768. What are the prime factors of h?
2, 5, 1741
Let j be 5 + (-6 - 1) + -2. Let m be j - (372/(-3) + 3). What are the prime factors of 24*(-1 + m/12)?
2, 3, 5, 7
Suppose -40404 = -4*i + 2*n, 3*i - 29716 - 587 = 2*n. What are the prime factors of i?
3, 7, 13, 37
List the prime factors of (206432/144)/((9/3)/27).
2, 6451
Let p = 7226 + -3696. What are the prime factors of p?
2, 5, 353
Suppose -155*k + 3739750 = 20*k. What are the prime factors of k?
2, 5, 2137
Suppose -19*v + 5584 = y - 18*v, 0 = -y + 3*v + 5596. List the prime factors of y.
37, 151
Suppose 2*s - 7*s + 10 = -q, 5*q + 162 = -3*s. Let f be 18/q + (-56)/(-10). Suppose -49 = f*p - 219. What are the prime factors of p?
2, 17
Let v = -74 - -69. Let u(o) = -3*o**3 - 6*o**2 - 2*o - 27. List the prime factors of u(v).
2, 13
Suppose -4*m = -4*o - 12, -2*m + 5*o - 2*o = -7. Let h(p) = 167*p**2 + 12*p - 24. List the prime factors of h(m).
2, 167
Let r = 1514 - 822. Suppose -r = -7*i + 484. List the prime factors of i.
2, 3, 7
Suppose 10*s - 6*s - 84 = 0. Suppose -s*y = -23*y + 8. Suppose y*x - 461 = -5*d, 0*d - d - 227 = -2*x. What are the prime factors of x?
2, 3, 19
Let n(h) = h**3 - 2*h**2 - 4*h - 7. Suppose 4*c = g + 17, 4*c - 7*g - 8 = -3*g. What are the prime factors of n(c)?
2, 3
Suppose -2*f = c - 14485 - 1466, 5*c = -5. What are the prime factors of (15/6 + -2)/(4/f)?
997
Suppose -8*a + 2*a + 9416 + 14782 = 0. List the prime factors of a.
37, 109
Suppose o + 3*x = 6*x + 9668, -x + 9668 = o. List the prime factors of o.
2, 2417
Suppose 98580 = 5*v - 5*d, 40436 = 4*v + 5*d - 38374. What are the prime factors of v?
2, 3, 5, 73
Suppose -629375 = 92*w - 117*w. List the prime factors of w.
5, 19, 53
Let x(g) = -g**3 - 89*g**2 - 490*g + 277. List the prime factors of x(-86).
3, 11, 613
Let w = 71 - 47. Suppose -2*p = -6*p - w. Let i(c) = 5*c**2 + 8*c + 9. What are the prime factors of i(p)?
3, 47
Let l = -3 + 8. Suppose -5*a + 49 = -3*f, 45 = l*a - 0*a - 5*f. Suppose 6*m = 55 + a. List the prime factors of m.
11
Suppose -25*m + 136218 + 33145 = -282487. What are the prime factors of m?
2, 7, 1291
Let r = 25 - 114. Let w = 3 - r. Let y = 32 + w. What are the prime factors of y?
2, 31
Let t be ((-14 + 14)/(-3 + 1))/4. Suppose t = 5*m + l - 2173, 4*l = m + l - 441. List the prime factors of m.
3, 5, 29
Suppose 14*i - 16*i - 8 = 0. Let m be (-1 - 6 - i - 26)*1. Let n = m - -77. List the prime factors of n.
2, 3
Let g(l) = -23*l - 34. Let v be g(-9). Let n = v - 127. What are the prime factors of n?
2, 23
Suppose k + 87 - 356 = 0. Suppose -275*j = -k*j - 5262. What are the prime factors of j?
877
List the prime factors of (-33)/(-121) + 468528/22.
3, 31, 229
Suppose 10 + 11 = 7*r. Suppose -r*p + 99 = -390. What are the prime factors of p?
163
Let o be 2 + 8/(-1) + (-9 - -23). Suppose -r + 1951 = -2*a, -4*a = o*r - 11*r + 5855. What are the prime factors of r?
3, 7, 31
Let g = -407 + 444. Suppose -3685 = -42*y + g*y. List the prime factors of y.
11, 67
Let v = -165 + 164. What are the prime factors of 168299/427 - ((-6)/7 - v)?
2, 197
Suppose 3399*f - 3423*f + 451824 = 0. List the prime factors of f.
2, 9413
Suppose 5*p - 3*q = -8*q + 24145, -5*q = -25. What are the prime factors of p?
2, 3, 67
Let m be (-30)/12*(-84)/(-15). Let w(q) = q + 23. Let i be w(m). Suppose 0 = -3*h + i, 3*h + 0*h + 811 = 5*p. List the prime factors of p.
2, 41
Suppose 6 = 7*k - 4*k. Suppose 2*s = -k*f + 4, -2*f + 3*f + 5*s = 6. Let c(v) = 129*v**2 + v - 1. List the prime factors of c(f).
3, 43
Suppose -3*b - 2*b - 4*y = -8028, b = -2*y + 1608. List the prime factors of (b/10 + 4)/(2/5).
3, 137
Suppose 66503 = 21*x - 260068. What are the prime factors of x?
15551
Let s(u) = -66*u**3 - 6*u**2 - 39*u - 103. List the prime factors of s(-3).
2, 13, 67
Suppose 9*z - 1120 = 25*z. Let n = z + 162. What are the prime factors of n?
2, 23
Suppose 3*d - 68713 = 4*w, 100495 - 8929 = 4*d + 2*w. What are the prime factors of d?
5, 19, 241
Suppose -5*v + 9769 = 3*f, v + 3*v - f = 7822. Let s = v + -1329. List the prime factors of s.
2, 313
Let y(i) = -717*i - 8912. What are the prime factors of y(-110)?
2, 7, 19, 263
Suppose 41*f - 2013072 = -31*f + 21*f. List the prime factors of f.
2, 2467
Let h = 17740 + 3955. What are the prime factors of h?
5, 4339
Suppose 139319 = 10*f + 109. What are the prime factors of f?
13921
Let y = 103699 + -64901. What are the prime factors of y?
2, 19, 1021
Let b be 11 - (4 + -5 + 0). Suppose 2*j - b*j = 0. Suppose j = m - 4*l - 103, -3*m + 0*l + 239 = 2*l. List the prime factors of m.
83
Let y(n) = -n**2 + 3*n + 10. Let p be y(6). Let d(a) = -86*a - 75. What are the prime factors of d(p)?
613
Let v = 10913 + -4709. What are the prime factors of v?
2, 3, 11, 47
Let i(w) = 48*w**2 + 500*w - 45. What are the prime factors of i(-15)?
3, 5, 7, 31
Let s(o) = -80*o**3 + 2*o**2 - 2*o + 23. What are the prime factors of s(-8)?
3, 13709
What are the prime factors of (56543 - 2)/(-23 + -6 + 32)?
47, 401
Suppose 373 + 1490468 = 37*i. What are the prime factors of i?
3, 11, 37
Suppose -3563 = -8*l - 347. Let z = l - -57. What are the prime factors of z?
3, 17
Let g be (1 - (-459)/2) + (-9)/(-6). Suppose -4*m = 5*b - 1143 + 215, m - 4*b - g = 0. What are the prime factors of m?
2, 29
Let b be (-4 + -2 + 4)*-8. Let z(p) = -23*p**2 + 2. Let s be z(-4). What are the prime factors of s/(-4) + (56/b - 3)?
2, 23
Let y = 289 + -285. Suppose -1216 = -y*r + 30*o - 34*o, 3*r = o + 924. What are the prime factors of r?
307
Let m be 12/2*-1 + 4 + 3. Let x be -9*(20/(-15) + m). Suppose 5*s = x*o + 850, s - 2*o - 238 = -75. List the prime factors of s.
173
Suppose 5*p + 5*b = 40, -2*b + 2 + 5 = -p. Let n = 40 + -30. Suppose p*u + n - 304 = 0. List the prime factors of u.
2, 7
Let l be (64/12)/((70/(-75))/7). Let h(o) = -9*o + 229. List the prime factors of h(l).
19, 31
Let r = -415 + -723. Let i = r + 2065. What are the prime factors of i?
3, 103
Let r(h) = 215*h + 711. List the prime factors of r(6).
3, 23, 29
Suppose 790138 - 570349 = 81*a - 1585782. What are the prime factors of a?
22291
List the prime factors of (-6712)/(-3) - (-128)/192.
2, 3, 373
Let n(s) = -958*s - 341. What are the prime factors of n(-5)?
3, 1483
Let o(a) = 2873*a**3 + 9*a**2 - 8*a - 95. List the prime factors of o(3).
23, 3371
Suppose -4564 - 1576 = -z + 2*f, 3*z = 2*f + 18420. List the prime factors of z.
2, 5, 307
Let w(u) = 2*u**2 - u + 12. Let i be w(-9). Suppose -i = 6*t - 783. List the prime factors of t.
2, 5
Suppose 37*n + 5*v = 41*n - 110763, 2 = 2*v. What are the prime factors of n?
2, 7, 23, 43
Let u(q) = 36*q**3 - 9*q**2 - 79*q + 56. What are the prime factors of u(9)?
2, 5, 11, 113
Suppose 6*x = -15045 - 24648 + 275265. What are the prime factors of x?
2, 67, 293
Let t(l) = l**2 + 3*l - 4. Let o be t(-4). Let c(v) = -86*v - 1716. Let j be c(-20). Suppose o = j*g - 230 - 418. What are the prime factors of g?
2, 3
Let p(n) = -1. Let o(a) = 2*a - 28. Let q be (-2 + 4)*3/12*-2. Let j(s) = q*o(s) - 3*p(s). What are the prime factors of j(0)?
31
Suppose -20*k = -1463846